(-2)?
559
Let z(v) = 857*v**2 - 10291*v - 193. What is z(12)?
-277
Let p(u) = -u**3 + 160*u**2 - 591*u + 19019. Determine p(157).
179
Let n(m) = 38*m**2 - 4026*m - 34622. Give n(-8).
18
Let j(a) = -a**3 + 25*a**2 + 215*a + 247. What is j(32)?
-41
Let t(x) = 20*x**2 + 2126*x + 6370. Calculate t(-3).
172
Let a(q) = -3*q**2 - 76*q + 72. Determine a(4).
-280
Let z(c) = -2*c**2 - 1064*c - 21916. Give z(-21).
-454
Let c(l) = l**3 - 137*l**2 + 382*l + 593. Give c(134).
-2087
Let a(m) = -260*m + 17158. Calculate a(76).
-2602
Let p(x) = 30*x**3 + 2*x**2 + 86*x + 133. Calculate p(0).
133
Let x(p) = 5*p**3 - 138*p**2 - 1192*p - 14. Determine x(-7).
-147
Let o(z) = 4*z**2 - 579*z - 6230. Calculate o(-10).
-40
Let t(l) = -15196*l - 212661. Give t(-14).
83
Let k(i) = i**2 - 325*i - 7624. What is k(-28)?
2260
Let g(p) = 54604*p - 8. What is g(0)?
-8
Let a(p) = p**2 + 1039*p - 59027. Calculate a(54).
-5
Let r(c) = 17324*c + 69566. What is r(-4)?
270
Let d(p) = 9814*p - 529954. What is d(54)?
2
Let l(j) = -493987*j - 12843664. Give l(-26).
-2
Let h(r) = 2233*r - 1203575. What is h(539)?
12
Let o(r) = r**3 - 65*r**2 + 78*r - 743. Determine o(64).
153
Let q(w) = 8*w**3 - 321*w**2 + 3598*w - 142309. Calculate q(40).
11
Let m(d) = 2132*d + 8457. Calculate m(-4).
-71
Let y(x) = x**2 + 220*x + 3054. What is y(-14)?
170
Let t(j) = 34*j**2 + 20259*j - 23411. Give t(-597).
-128
Let q(z) = 8*z**2 - 47363*z + 236844. Determine q(5).
229
Let g(h) = 242*h**2 - 4339*h + 76. What is g(18)?
382
Let s(m) = -5*m**3 + 11*m**2 + 29*m - 46. Determine s(3).
5
Let g(l) = 26*l**3 - 367*l**2 + 66*l - 646. What is g(14)?
-310
Let s(d) = -d**3 - 22*d**2 - 90*d - 185. Determine s(-8).
-361
Let j(b) = 2*b**3 + 5605*b**2 - 1258809*b + 416. Give j(209).
-2
Let r(i) = 2*i**2 - 334*i + 11584. Calculate r(120).
304
Let c(q) = -28*q + 3223. Calculate c(111).
115
Let q(v) = -110*v**2 - 246*v + 12901. Calculate q(-12).
13
Let r(a) = -2*a**3 + 25*a**2 + 64*a - 41. Give r(15).
-206
Let c(l) = 1460*l - 34941. Calculate c(24).
99
Let c(z) = -5*z**2 + 461*z - 10100. Give c(36).
16
Let v(r) = -9*r**3 - 19*r**2 - 58*r + 21. Calculate v(-5).
961
Let n(c) = -3*c**3 + 274*c**2 - 75*c + 1698. Calculate n(91).
3154
Let h(j) = -4326*j**2 + 64907*j - 41. Calculate h(15).
214
Let g(h) = -h**3 + 33*h**2 - 191*h + 7657. Determine g(34).
7
Let g(r) = -73*r + 21681. Determine g(297).
0
Let u(s) = -78577*s + 314293. What is u(4)?
-15
Let u(h) = 2*h**3 - 138*h**2 - 1480*h - 161. What is u(78)?
-6089
Let o(h) = -44*h**3 + 4*h**2 - 93*h + 266. What is o(3)?
-1165
Let x(g) = 28639*g - 1489224. What is x(52)?
4
Let w(x) = -x**2 - 154*x + 1669. What is w(12)?
-323
Let h(y) = -384*y + 12118. Determine h(33).
-554
Let m(j) = 19*j**2 + 304*j - 305. Give m(1).
18
Let g(s) = s**3 + 128*s**2 + 1280*s - 840. Determine g(-117).
-21
Let t(o) = 31*o**2 - 3236*o + 4423. Calculate t(103).
-6
Let z(f) = -1499*f + 1377. Determine z(1).
-122
Let n(h) = -851135*h - 851111. What is n(-1)?
24
Let y(w) = -4031*w - 77187. Calculate y(-19).
-598
Let x(m) = 247*m**2 + 3035*m. What is x(-12)?
-852
Let l(a) = 8*a**3 - 445*a**2 + 1745*a - 9. What is l(4)?
363
Let m(v) = v**3 - 247*v**2 + 14669*v - 2517. Determine m(148).
-1
Let u(o) = -2*o**3 - 104*o**2 + 19*o - 1048. Determine u(0).
-1048
Let x(n) = -11*n**2 - 5282*n - 11464. Give x(-478).
8
Let j(v) = 895*v**2 - 22*v - 15. Calculate j(-2).
3609
Let c(i) = -78*i**2 + 14144*i - 4707. Determine c(181).
-1
Let c(p) = 2*p**2 - 375*p + 4853. Calculate c(14).
-5
Let d(r) = 2*r**3 - 13*r**2 - 69*r + 396. What is d(5)?
-24
Let r(f) = -35*f**2 - 34*f - 88. Calculate r(-2).
-160
Let b(w) = -3365*w - 989308. Calculate b(-294).
2
Let p(q) = -6307*q - 4395937. Determine p(-697).
42
Let b(o) = -2*o**3 - 160*o**2 - 1135*o + 1204. Give b(-72).
-20
Let y(i) = -179*i - 2445. Give y(-16).
419
Let r(y) = -6423*y + 558671. Determine r(87).
-130
Let z(c) = 414*c - 90222. Determine z(215).
-1212
Let v(i) = -i**3 + 68*i**2 + 409*i + 132. Give v(-5).
-88
Let w(g) = 2719*g - 27538. What is w(10)?
-348
Let r(j) = -682*j - 17867. What is r(-25)?
-817
Let p(a) = a**2 + 9*a + 55. Give p(-6).
37
Let j(i) = 14*i**2 - 344*i + 189. Calculate j(24).
-3
Let k(j) = 3097*j**2 - 12445*j + 19. Calculate k(4).
-209
Let v(z) = 1064*z**2 - 655429*z + 3080. Calculate v(616).
0
Let g(p) = 120427*p + 481918. Determine g(-4).
210
Let x(o) = 11*o**2 + 383*o - 8209. Give x(15).
11
Let c(g) = g**3 - 139*g**2 + 4106*g - 3112. Determine c(97).
-8
Let z(i) = -6*i**2 + 135*i - 220. Give z(20).
80
Let u(f) = 1519*f - 1392929. Give u(917).
-6
Let u(x) = 307*x + 50721. Give u(-168).
-855
Let k(j) = 179*j**3 + 52*j**2 + 696*j - 747. Give k(1).
180
Let u(o) = 5*o**2 - 305*o - 3131. What is u(-9)?
19
Let p(r) = 15549*r + 2005830. Give p(-129).
9
Let y(q) = 2*q**2 - 19*q - 71705. Determine y(194).
-119
Let m(k) = 2*k**3 + 329*k**2 + 158*k - 2003. Give m(-164).
-1019
Let s(l) = -210*l**2 - 421*l + 1. Determine s(-2).
3
Let o(y) = -y**3 + 33*y**2 + 946*y - 1427. What is o(51)?
1
Let f(u) = 7694*u + 1500323. Determine f(-195).
-7
Let k(d) = -73*d - 9339. Give k(-102).
-1893
Let a(l) = -l**2 - 454*l - 49592. Determine a(-183).
1
Let c(h) = -22730*h - 45448. Determine c(-2).
12
Let h(l) = 52*l + 1819. What is h(-79)?
-2289
Let r(g) = -2*g**3 - 33*g**2 + 489*g - 172. Determine r(9).
98
Let z(a) = 266*a - 40707. Calculate z(153).
-9
Let y(o) = 2*o**3 - 154*o**2 + 167*o - 1108. Calculate y(76).
32
Let h(r) = -1322*r - 25149. Give h(-19).
-31
Let h(y) = -y**3 - 50*y**2 + 1978*y + 49. Give h(26).
101
Let h(q) = -3*q**2 - 183*q - 997. Determine h(-50).
653
Let a(b) = -28040*b - 336476. Calculate a(-12).
4
Let r(h) = 1580*h - 14368. Calculate r(9).
-148
Let b(s) = -s**3 - 25*s**2 + 29*s - 14. Determine b(-26).
-92
Let c(l) = 3*l**3 - 265*l**2 - 217*l + 352. Calculate c(89).
-3119
Let c(v) = -260*v - 6006. Determine c(-27).
1014
Let p(w) = 11*w**3 - 3*w**2 - 45*w + 135. Give p(3).
270
Let s(z) = -z**3 - 16*z**2 + 338*z + 27. What is s(-28)?
-29
Let z(h) = -10681*h - 352499. Give z(-33).
-26
Let j(n) = -n**3 + 23*n**2 + 9*n - 1071. Calculate j(21).
0
Let i(h) = h**3 - 9*h**2 + 14*h + 104. Give i(8).
152
Let u(l) = l**3 - 36*l**2 + 39*l - 317. What is u(36)?
1087
Let i(o) = 4*o**3 - 38*o**2 - 32*o + 170. Determine i(10).
50
Let s(t) = -2*t**3 - 137*t**2 - 1354*t - 2483. Determine s(-57).
-32
Let c(v) = 36*v**2 + 170*v - 29. Give c(-5).
21
Let d(v) = -4*v**3 - 45*v**2 + 48*v + 439. Calculate d(-9).
-722
Let b(l) = -22993*l + 69032. Determine b(3).
53
Let a(z) = 2*z**3 - 312*z**2 - 8641*z + 182. Calculate a(180).
2
Let r(w) = -3*w**3 - 162*w**2 + 201*w + 2051. Determine r(-55).
71
Let g(x) = 757*x - 30233. Give g(40).
47
Let c(a) = a**3 - 417*a**2 - 3004*a + 732480. Give c(420).
0
Let d(r) = r**3 - 13*r**2 - 314*r + 3019. What is d(21)?
-47
Let k(l) = -13*l**2 + 7942*l - 78102. What is k(10)?
18
Let r(h) = -h**2 - 222201*h - 666582. Give r(-3).
12
Let o(u) = 10*u**2 + 1849*u + 23653. What is o(-13)?
1306
Let z(s) = 2*s**2 + 1667*s - 107109. What is z(60)?
111
Let x(s) = -27109*s - 4960946. Calculate x(-183).
1
Let u(q) = 76*q**2 + 1326*q + 1518. Determine u(-16).
-242
Let s(l) = -72*l**2 + 95*l - 179. Calculate s(4).
-951
Let h(f) = f**2 + 58298*f + 1223704. What is h(-21)?
-113
Let b(z) = -z**3 + 258*z**2 + 4385*z - 359. Calculate b(274).
-85
Let w(x) = -17674*x - 88427. Calculate w(-5).
-57
Let i(v) = v**3 - 219*v**2 + 6402*v + 6998. What is i(184)?
6
Let k(v) = 1212*v**2 - 17026*v + 21. Calculate k(14).
-791
Let t(n) = 184895*n - 8874964. Calculate t(48).
-4
Let f(o) = 9007*o - 153113. What is f(17)?
6
Let o(k) = -2*k**2 - 417*k - 2792. What is o(-7)?
29
Let k(t) = t**3 - 15*t**2 + 5*t - 1050. Calculate k(0).
-1050
Let d(y) = y**3 + 38*y**2 - 601*y + 5. Determine d(12).
-7
Let o(y) = 28*y**2 - 12367*y - 28867. Calculate o(444).
-7
Let b(f) = -2*f**2 - 699*f - 52436. What is b(-109)?
-7
Let p(n) = 5834*n + 233415. Give p(-40).
55
Let t(a) = -12355*a - 197694. Calculate t(-16).
-14
Let r(n) = 11*n**2 + 720*n - 249. Determine r(-66).
147
Let a(z) = z**3 + 68*z**2 - 573*z - 30122. Calculate a(-70).
188
Let i(m) = 3584*m - 154119. Determine i(43).
-7
Let z(b) = 11*b**3 + 362*b**2 + 2745*b - 132. Determine z(-21).
-6
Let l(g) = -165*g + 31050. Calculate l(187).
195
Let 